2, 71, 47431
What are the prime factors of 61125?
3, 5, 163
What are the prime factors of 10663949?
163, 65423
What are the prime factors of 853470?
2, 3, 5, 29, 109
What are the prime factors of 328661?
17, 19333
List the prime factors of 29707192.
2, 3713399
List the prime factors of 9091468.
2, 463, 4909
What are the prime factors of 3050632?
2, 13, 29333
What are the prime factors of 13594756?
2, 7, 139, 499
List the prime factors of 21527928.
2, 3, 298999
What are the prime factors of 3075892?
2, 487, 1579
List the prime factors of 226065.
3, 5, 7, 2153
What are the prime factors of 779088?
2, 3, 16231
What are the prime factors of 8061099?
3, 2687033
What are the prime factors of 238379?
127, 1877
List the prime factors of 29975333.
73, 410621
List the prime factors of 934994.
2, 467497
List the prime factors of 17719748.
2, 4429937
List the prime factors of 514520.
2, 5, 19, 677
List the prime factors of 15915058.
2, 1783, 4463
What are the prime factors of 13718195?
5, 109, 25171
List the prime factors of 539853.
3, 179951
What are the prime factors of 1046335?
5, 209267
List the prime factors of 22021540.
2, 5, 709, 1553
List the prime factors of 1065395.
5, 213079
List the prime factors of 465657.
3, 155219
What are the prime factors of 7012145?
5, 7, 28621
List the prime factors of 13945165.
5, 13, 214541
List the prime factors of 84189.
3, 7, 19, 211
List the prime factors of 489272.
2, 7, 8737
List the prime factors of 168200.
2, 5, 29
What are the prime factors of 4589365?
5, 11, 83443
List the prime factors of 288574.
2, 11, 13, 1009
What are the prime factors of 641643?
3, 213881
List the prime factors of 18167095.
5, 167, 21757
List the prime factors of 850246.
2, 425123
List the prime factors of 819799.
819799
List the prime factors of 14408164.
2, 3602041
List the prime factors of 34973366.
2, 17486683
List the prime factors of 1064075.
5, 31, 1373
What are the prime factors of 692824?
2, 11, 7873
What are the prime factors of 95069?
13, 71, 103
List the prime factors of 807437.
719, 1123
List the prime factors of 1076088.
2, 3, 13, 3449
What are the prime factors of 1776783?
3, 592261
What are the prime factors of 96638?
2, 211, 229
List the prime factors of 4094233.
11, 13, 28631
List the prime factors of 671391.
3, 7, 10657
What are the prime factors of 416456?
2, 52057
What are the prime factors of 430602?
2, 3, 43, 1669
List the prime factors of 611213.
611213
List the prime factors of 3140661.
3, 743, 1409
What are the prime factors of 169963?
349, 487
List the prime factors of 696794.
2, 7, 71, 701
List the prime factors of 3938741.
47, 181, 463
List the prime factors of 13898806.
2, 239, 29077
List the prime factors of 2933154.
2, 3, 7, 23279
What are the prime factors of 10843718?
2, 19, 23, 653
What are the prime factors of 9882548?
2, 13, 23, 8263
List the prime factors of 1268206.
2, 634103
List the prime factors of 4299891.
3, 79, 18143
What are the prime factors of 362942?
2, 89, 2039
What are the prime factors of 9064206?
2, 3, 103, 4889
List the prime factors of 1799764.
2, 449941
List the prime factors of 26381779.
2689, 9811
What are the prime factors of 17027221?
17027221
What are the prime factors of 90160?
2, 5, 7, 23
What are the prime factors of 1403430?
2, 3, 5, 7, 41, 163
What are the prime factors of 5722834?
2, 13, 53, 4153
List the prime factors of 262649.
262649
List the prime factors of 143416.
2, 7, 13, 197
List the prime factors of 142092.
2, 3, 3947
What are the prime factors of 925773?
3, 23, 13417
List the prime factors of 1674240.
2, 3, 5, 109
List the prime factors of 1860614.
2, 7, 347, 383
List the prime factors of 7533480.
2, 3, 5, 67, 937
What are the prime factors of 991113?
3, 101, 3271
List the prime factors of 21766970.
2, 5, 17, 19, 23, 293
What are the prime factors of 5362223?
131, 40933
List the prime factors of 84961.
84961
List the prime factors of 551841.
3, 29, 6343
List the prime factors of 6089575.
5, 243583
What are the prime factors of 399127?
29, 13763
List the prime factors of 25724489.
7, 3674927
List the prime factors of 3201568.
2, 100049
What are the prime factors of 5133024?
2, 3, 13, 457
List the prime factors of 10600012.
2, 157, 16879
List the prime factors of 897048.
2, 3, 4153
List the prime factors of 2931489.
3, 11, 29611
List the prime factors of 217758.
2, 3, 36293
List the prime factors of 172035.
3, 5, 3823
List the prime factors of 283698.
2, 3, 15761
List the prime factors of 1031204.
2, 71, 3631
What are the prime factors of 4101453?
3, 455717
What are the prime factors of 7347610?
2, 5, 41, 17921
What are the prime factors of 130687?
130687
List the prime factors of 151664.
2, 9479
List the prime factors of 19147820.
2, 5, 19, 41, 1229
What are the prime factors of 6354874?
2, 641, 4957
List the prime factors of 11532385.
5, 43, 53639
List the prime factors of 55746.
2, 3, 19, 163
What are the prime factors of 235695?
3, 5, 19, 827
What are the prime factors of 583171?
583171
List the prime factors of 59542.
2, 7, 4253
What are the prime factors of 204160?
2, 5, 11, 29
List the prime factors of 90541.
11, 8231
What are the prime factors of 8239962?
2, 3, 491, 2797
List the prime factors of 702291.
3, 131, 1787
What are the prime factors of 92517?
3, 30839
What are the prime factors of 3220275?
3, 5, 42937
What are the prime factors of 497726?
2, 17, 14639
What are the prime factors of 51814?
2, 7, 3701
What are the prime factors of 3901952?
2, 7621
List the prime factors of 4155776.
2, 32467
List the prime factors of 460172.
2, 29, 3967
List the prime factors of 411141.
3, 19, 7213
What are the prime factors of 335251?
7, 47, 1019
What are the prime factors of 6121822?
2, 7, 437273
What are the prime factors of 222141?
3, 74047
What are the prime factors of 253834?
2, 7, 18131
List the prime factors of 402261.
3, 134087
List the prime factors of 96155.
5, 19231
List the prime factors of 7608720.
2, 3, 5, 7, 647
List the prime factors of 3486506.
2, 197, 8849
What are the prime factors of 1306056?
2, 3, 54419
List the prime factors of 1307168.
2, 40849
What are the prime factors of 1495509?
3, 19, 26237
What are the prime factors of 3602131?
13, 277087
List the prime factors of 2106620.
2, 5, 105331
What are the prime factors of 13949213?
13949213
List the prime factors of 13895588.
2, 7, 23, 21577
List the prime factors of 1883888.
2, 19, 6197
What are the prime factors of 50917?
59, 863
List the prime factors of 8734341.
3, 7, 11, 37811
List the prime factors of 2679981.
3, 31, 28817
What are the prime factors of 21785508?
2, 3, 23, 83, 317
What are the prime factors of 20904776?
2, 181, 14437
What are the prime factors of 832281?
3, 277427
What are the prime factors of 3646810?
2, 5, 67, 5443
List the prime factors of 994146.
2, 3, 67, 2473
What are the prime factors of 34764121?
7, 97, 51199
List the prime factors of 5226306.
2, 3, 43, 47, 431
What are the prime factors of 256260?
2, 3, 5, 4271
What are the prime factors of 484257?
3, 151, 1069
What are the prime factors of 1579406?
2, 181, 4363
What are the prime factors of 27679?
89, 311
List the prime factors of 2369592.
2, 3, 32911
List the prime factors of 647845.
5, 11, 11779
List the prime factors of 547773.
3, 157, 1163
What are the prime factors of 315502?
2, 11, 14341
List the prime factors of 406404.
2, 3, 53, 71
List the prime factors of 353439.
3, 173, 227
List the prime factors of 380880.
2, 3, 5, 23
What are the prime factors of 632063?
23, 27481
List the prime factors of 159743.
31, 5153
List the prime factors of 1453110.
2, 3, 5, 48437
What are the prime factors of 248624?
2, 41, 379
What are the prime factors of 3223974?
2, 3, 13, 41333
What are the prime factors of 836522?
2, 43, 71, 137
What are the prime factors of 3890525?
5, 155621
List the prime factors of 734052.
2, 3, 11, 67, 83
List the prime factors of 1143253.
73, 15661
List the prime factors of 823734.
2, 3, 45763
List the prime factors of 2245786.
2, 353, 3181
List the prime factors of 692486.
2, 151, 2293
List the prime factors of 4722632.
2, 257, 2297
What are the prime factors of 417774?
2, 3, 7, 29
What are the prime factors of 14152216?
2, 13, 41, 3319
What are the prime factors of 72932?
2, 18233
List t